{"id":7059,"date":"2018-10-18T03:31:14","date_gmt":"2018-10-18T03:31:14","guid":{"rendered":"http:\/\/smalatam.com\/pan\/?page_id=7059"},"modified":"2018-12-12T19:04:32","modified_gmt":"2018-12-12T19:04:32","slug":"asesorias-corporativas","status":"publish","type":"page","link":"http:\/\/smalatam.com\/pan\/asesorias-corporativas\/","title":{"rendered":"Asesor\u00edas Corporativas"},"content":{"rendered":"<p>[et_pb_section bb_built=&#8221;1&#8243; admin_label=&#8221;section&#8221; background_image=&#8221;http:\/\/smalatam.com\/pan\/wp-content\/uploads\/2018\/11\/panama.jpg&#8221; background_color=&#8221;#ffffff&#8221; parallax_method=&#8221;off&#8221; specialty=&#8221;off&#8221; module_id=&#8221;subheaderWrap&#8221; disabled=&#8221;off&#8221; next_background_color=&#8221;#ffffff&#8221; _builder_version=&#8221;3.4&#8243; custom_css_main_element=&#8221;.et_pb_title_container h1 {|| font-size: 26px !important;|| line-height: 1em;|| background-color: #384977;|| padding: 20px;|| color: #fff !important;||}&#8221;][et_pb_row admin_label=&#8221;row&#8221; make_fullwidth=&#8221;off&#8221; use_custom_width=&#8221;off&#8221; width_unit=&#8221;on&#8221; custom_width_px=&#8221;1080px&#8221; custom_width_percent=&#8221;80%&#8221; use_custom_gutter=&#8221;off&#8221; gutter_width=&#8221;3&#8243; allow_player_pause=&#8221;off&#8221; parallax=&#8221;off&#8221; parallax_method=&#8221;off&#8221; make_equal=&#8221;off&#8221; parallax_1=&#8221;off&#8221; parallax_method_1=&#8221;off&#8221; parallax_2=&#8221;off&#8221; parallax_method_2=&#8221;on&#8221; parallax_3=&#8221;off&#8221; parallax_method_3=&#8221;on&#8221; parallax_4=&#8221;off&#8221; parallax_method_4=&#8221;on&#8221; disabled=&#8221;off&#8221; background_position=&#8221;top_left&#8221; background_repeat=&#8221;repeat&#8221; background_size=&#8221;initial&#8221; _builder_version=&#8221;3.4&#8243;][et_pb_column type=&#8221;4_4&#8243;][et_pb_post_title title=&#8221;on&#8221; meta=&#8221;off&#8221; author=&#8221;on&#8221; date=&#8221;on&#8221; date_format=&#8221;M j, Y&#8221; categories=&#8221;on&#8221; comments=&#8221;on&#8221; featured_image=&#8221;off&#8221; featured_placement=&#8221;below&#8221; parallax_effect=&#8221;on&#8221; parallax_method=&#8221;on&#8221; text_orientation=&#8221;left&#8221; text_color=&#8221;dark&#8221; text_background=&#8221;off&#8221; text_bg_color=&#8221;rgba(255,255,255,0.9)&#8221; use_border_color=&#8221;off&#8221; border_color=&#8221;#ffffff&#8221; border_width=&#8221;1px&#8221; border_style=&#8221;solid&#8221; disabled=&#8221;off&#8221; parallax=&#8221;on&#8221; \/][\/et_pb_column][\/et_pb_row][\/et_pb_section][et_pb_section bb_built=&#8221;1&#8243; transparent_background=&#8221;off&#8221; background_color=&#8221;#ffffff&#8221; allow_player_pause=&#8221;off&#8221; inner_shadow=&#8221;off&#8221; parallax=&#8221;off&#8221; parallax_method=&#8221;off&#8221; make_fullwidth=&#8221;off&#8221; use_custom_width=&#8221;off&#8221; width_unit=&#8221;on&#8221; custom_width_px=&#8221;1080px&#8221; custom_width_percent=&#8221;80%&#8221; make_equal=&#8221;off&#8221; use_custom_gutter=&#8221;off&#8221; fullwidth=&#8221;off&#8221; specialty=&#8221;off&#8221; disabled=&#8221;off&#8221; prev_background_color=&#8221;#000000&#8243;][et_pb_row make_fullwidth=&#8221;off&#8221; use_custom_width=&#8221;off&#8221; width_unit=&#8221;on&#8221; custom_width_px=&#8221;1080px&#8221; custom_width_percent=&#8221;80%&#8221; use_custom_gutter=&#8221;off&#8221; gutter_width=&#8221;3&#8243; allow_player_pause=&#8221;off&#8221; parallax=&#8221;off&#8221; parallax_method=&#8221;off&#8221; make_equal=&#8221;off&#8221; parallax_1=&#8221;off&#8221; parallax_method_1=&#8221;off&#8221; parallax_2=&#8221;off&#8221; parallax_method_2=&#8221;off&#8221; parallax_3=&#8221;off&#8221; parallax_method_3=&#8221;off&#8221; parallax_4=&#8221;off&#8221; parallax_method_4=&#8221;on&#8221; disabled=&#8221;off&#8221; background_position=&#8221;top_left&#8221; background_repeat=&#8221;repeat&#8221; background_size=&#8221;initial&#8221;][et_pb_column type=&#8221;4_4&#8243;][et_pb_text use_border_color=&#8221;off&#8221; disabled=&#8221;off&#8221; background_position=&#8221;top_left&#8221; background_repeat=&#8221;repeat&#8221; background_size=&#8221;initial&#8221; _builder_version=&#8221;3.4&#8243;]<\/p>\n<p style=\"text-align: justify;\">Nuestros servicios en asesor\u00edas se focalizan en las \u00e1reas sensibles de la operaci\u00f3n de la organizaci\u00f3n, el alcance de los servicios ofrecidos ser\u00e1 definido conforme a los requerimientos de la empresa. Las principales \u00e1reas de desarrollo son: Finanzas, capital humano, gerencia estrat\u00e9gica y tecnolog\u00eda de la informaci\u00f3n.<\/p>\n<p>&nbsp;<\/p>\n<h3>Capital Humano:<\/h3>\n<ul>\n<li>\u00cdndice de bienestar individual (IBI):<\/li>\n<li>Capacitaci\u00f3n en:\n<ul>\n<li>Formulaci\u00f3n de metas<\/li>\n<li>Planificaci\u00f3n y organizaci\u00f3n para el logro<\/li>\n<li>Cultura de servicio al cliente (interno \/ externo)<\/li>\n<li>\u00a0Desarrollo de potencial<\/li>\n<li>\u00a0Educaci\u00f3n gerencial y laboral<\/li>\n<li>Coaching (Gerencial y de equipos de trabajo)<\/li>\n<\/ul>\n<\/li>\n<li style=\"list-style-type: none;\">\n<ul>\n<li>Gesti\u00f3n del cambio<\/li>\n<li>Programaci\u00f3n Neuro-Linguistica (PNL)<\/li>\n<li>Gerencia de sue\u00f1os (motivaci\u00f3n y retenci\u00f3n del personal)<\/li>\n<\/ul>\n<\/li>\n<\/ul>\n<p>&nbsp;<\/p>\n<h3>Finanzas:<\/h3>\n<ul>\n<li>Outsourcing administrativo y financiero-contable<\/li>\n<li>Outsourcing gerencia estrat\u00e9gica<\/li>\n<li>Outsourcing de auditor\u00eda interna<\/li>\n<li>Realizaci\u00f3n de procedimientos previamente convenidos<\/li>\n<li>Diagn\u00f3stico contable-financiero con enfoque de negocios<\/li>\n<li>NIIF PYMES \/ Normas Internacionales de Informaci\u00f3n Financiera para empresas.<\/li>\n<li>Administraci\u00f3n de empresas Offshore<\/li>\n<\/ul>\n<p>&nbsp;<\/p>\n<h3>Gesti\u00f3n de servicios de Tecnolog\u00eda de la informaci\u00f3n (GSTI):<\/h3>\n<p style=\"text-align: justify;\">Nuestros servicios de tecnolog\u00eda de la informaci\u00f3n se basan en procesos, enfocados en alinear los servicios de IT de las organizaciones con las necesidades de la empresa, poniendo \u00e9nfasis en los beneficios que puede percibir el usuario final. A trav\u00e9s de GSTI se propone cambiar el paradigma de gesti\u00f3n de TI, por componentes enfocados en servicios de punta, usando distintos marcos de trabajo con las &#8220;mejores pr\u00e1cticas\u201c lo que se traduce en:<\/p>\n<ul>\n<li>Proporcionar una adecuada gesti\u00f3n de la calidad.<\/li>\n<li>Aumentar la eficiencia.<\/li>\n<li>Alinear los procesos de negocio y la infraestructura TI.<\/li>\n<li>Reducir los riesgos asociados a los Servicios TI.<\/li>\n<li>Generar negocio.<\/li>\n<\/ul>\n<p style=\"text-align: justify;\">Nuestros trabajos de Tecnolog\u00eda de la Informaci\u00f3n y Aseguramiento de Procesos Inform\u00e1ticos son realizados bajo las mejores pr\u00e1cticas y est\u00e1ndares en su ejecuci\u00f3n (CobiT , Ley Sox , Norma ISO 27001 y 27002 , The Standard of Good Practice for Information Security , entre otros est\u00e1ndares en la industria).<\/p>\n<p>&nbsp;<\/p>\n<p><strong><u>Nuestros servicios incluyen:<\/u><\/strong><\/p>\n<ul>\n<li>Ousourcing\/Cousoursing de auditor\u00eda interna de sistemas.<\/li>\n<li>Acompa\u00f1amiento en el desarrollo de proyectos tecnol\u00f3gicos.<\/li>\n<li>Aseguramiento de procesos de conversi\u00f3n de datos.<\/li>\n<li>Apoyo y\/o desarrollo de planes de contingencia, continuidad de negocios en marcha.<\/li>\n<li>Pruebas de integridad y consistencia en tablas de datos.<\/li>\n<li>Auditor\u00eda de sistemas bajo el esquema de la Ley SOX.<\/li>\n<li>Diagn\u00f3sticos de legalidad de software<\/li>\n<li>Definici\u00f3n y revisi\u00f3n de Pol\u00edticas de Seguridad.<\/li>\n<li>Simulaci\u00f3n de Operaciones con el uso de ACL<\/li>\n<li>Entre otros servicios en la gesti\u00f3n de tecnolog\u00eda de la informaci\u00f3n.<\/li>\n<\/ul>\n<p>[\/et_pb_text][\/et_pb_column][\/et_pb_row][\/et_pb_section]<\/p>\n","protected":false},"excerpt":{"rendered":"<p>[et_pb_section bb_built=&#8221;1&#8243; admin_label=&#8221;section&#8221; background_image=&#8221;http:\/\/smalatam.com\/pan\/wp-content\/uploads\/2018\/11\/panama.jpg&#8221; background_color=&#8221;#ffffff&#8221; parallax_method=&#8221;off&#8221; specialty=&#8221;off&#8221; module_id=&#8221;subheaderWrap&#8221; disabled=&#8221;off&#8221; next_background_color=&#8221;#ffffff&#8221; _builder_version=&#8221;3.4&#8243; custom_css_main_element=&#8221;.et_pb_title_container h1 {|| font-size: 26px !important;|| line-height: 1em;|| background-color: #384977;|| padding: 20px;|| color: #fff !important;||}&#8221;][et_pb_row admin_label=&#8221;row&#8221; make_fullwidth=&#8221;off&#8221; use_custom_width=&#8221;off&#8221; width_unit=&#8221;on&#8221; custom_width_px=&#8221;1080px&#8221; custom_width_percent=&#8221;80%&#8221; use_custom_gutter=&#8221;off&#8221; gutter_width=&#8221;3&#8243; allow_player_pause=&#8221;off&#8221; parallax=&#8221;off&#8221; parallax_method=&#8221;off&#8221; make_equal=&#8221;off&#8221; parallax_1=&#8221;off&#8221; parallax_method_1=&#8221;off&#8221; parallax_2=&#8221;off&#8221; parallax_method_2=&#8221;on&#8221; parallax_3=&#8221;off&#8221; parallax_method_3=&#8221;on&#8221; parallax_4=&#8221;off&#8221; parallax_method_4=&#8221;on&#8221; disabled=&#8221;off&#8221; background_position=&#8221;top_left&#8221; background_repeat=&#8221;repeat&#8221; background_size=&#8221;initial&#8221; _builder_version=&#8221;3.4&#8243;][et_pb_column type=&#8221;4_4&#8243;][et_pb_post_title title=&#8221;on&#8221; meta=&#8221;off&#8221; author=&#8221;on&#8221; [&hellip;]<\/p>\n","protected":false},"author":1,"featured_media":0,"parent":0,"menu_order":0,"comment_status":"closed","ping_status":"closed","template":"","meta":{"footnotes":""},"class_list":["post-7059","page","type-page","status-publish","hentry"],"_links":{"self":[{"href":"http:\/\/smalatam.com\/pan\/wp-json\/wp\/v2\/pages\/7059","targetHints":{"allow":["GET"]}}],"collection":[{"href":"http:\/\/smalatam.com\/pan\/wp-json\/wp\/v2\/pages"}],"about":[{"href":"http:\/\/smalatam.com\/pan\/wp-json\/wp\/v2\/types\/page"}],"author":[{"embeddable":true,"href":"http:\/\/smalatam.com\/pan\/wp-json\/wp\/v2\/users\/1"}],"replies":[{"embeddable":true,"href":"http:\/\/smalatam.com\/pan\/wp-json\/wp\/v2\/comments?post=7059"}],"version-history":[{"count":4,"href":"http:\/\/smalatam.com\/pan\/wp-json\/wp\/v2\/pages\/7059\/revisions"}],"predecessor-version":[{"id":7314,"href":"http:\/\/smalatam.com\/pan\/wp-json\/wp\/v2\/pages\/7059\/revisions\/7314"}],"wp:attachment":[{"href":"http:\/\/smalatam.com\/pan\/wp-json\/wp\/v2\/media?parent=7059"}],"curies":[{"name":"wp","href":"https:\/\/api.w.org\/{rel}","templated":true}]}}